is the hundred thousands digit of 625433?
6
What is the ten thousands digit of 12752953?
5
What is the hundreds digit of 384326?
3
What is the thousands digit of 3633266?
3
What is the thousands digit of 183104?
3
What is the hundreds digit of 1591026?
0
What is the tens digit of 439933?
3
What is the millions digit of 4191232?
4
What is the hundreds digit of 674617?
6
What is the units digit of 1860068?
8
What is the hundreds digit of 167764?
7
What is the hundreds digit of 860786?
7
What is the millions digit of 1220911?
1
What is the hundred thousands digit of 309780?
3
What is the ten thousands digit of 5854024?
5
What is the units digit of 80805?
5
What is the thousands digit of 262779?
2
What is the units digit of 887127?
7
What is the hundred thousands digit of 704555?
7
What is the tens digit of 2715473?
7
What is the units digit of 151607?
7
What is the tens digit of 99738?
3
What is the tens digit of 451070?
7
What is the hundred thousands digit of 234157?
2
What is the hundred thousands digit of 3355852?
3
What is the ten thousands digit of 256485?
5
What is the hundred thousands digit of 2437306?
4
What is the tens digit of 4969775?
7
What is the ten thousands digit of 1411908?
1
What is the tens digit of 1193032?
3
What is the hundreds digit of 172414?
4
What is the units digit of 31185497?
7
What is the ten thousands digit of 25139999?
3
What is the millions digit of 4766787?
4
What is the millions digit of 1176675?
1
What is the units digit of 115605?
5
What is the tens digit of 1848439?
3
What is the hundreds digit of 196133?
1
What is the thousands digit of 547415?
7
What is the thousands digit of 5498208?
8
What is the tens digit of 284977?
7
What is the thousands digit of 24309?
4
What is the units digit of 295743?
3
What is the thousands digit of 9240435?
0
What is the thousands digit of 732191?
2
What is the hundreds digit of 7242597?
5
What is the tens digit of 552087?
8
What is the hundreds digit of 10756318?
3
What is the hundred thousands digit of 916974?
9
What is the ten thousands digit of 206696?
0
What is the hundred thousands digit of 288103?
2
What is the units digit of 93642?
2
What is the thousands digit of 83590?
3
What is the thousands digit of 6501?
6
What is the units digit of 6655196?
6
What is the hundred thousands digit of 1214256?
2
What is the units digit of 313030?
0
What is the hundred thousands digit of 128207?
1
What is the thousands digit of 628767?
8
What is the tens digit of 6081210?
1
What is the tens digit of 498910?
1
What is the hundred thousands digit of 2780343?
7
What is the millions digit of 4310095?
4
What is the tens digit of 625493?
9
What is the hundred thousands digit of 28889143?
8
What is the ten millions digit of 29444969?
2
What is the ten thousands digit of 863015?
6
What is the ten thousands digit of 7622932?
2
What is the ten thousands digit of 100321?
0
What is the hundreds digit of 2292954?
9
What is the tens digit of 1943175?
7
What is the ten thousands digit of 16169141?
6
What is the units digit of 442343?
3
What is the ten thousands digit of 17636978?
3
What is the units digit of 513644?
4
What is the tens digit of 3382615?
1
What is the hundred thousands digit of 178308?
1
What is the hundreds digit of 354337?
3
What is the hundred thousands digit of 26245882?
2
What is the thousands digit of 1005494?
5
What is the ten thousands digit of 244961?
4
What is the thousands digit of 74644?
4
What is the thousands digit of 178002?
8
What is the tens digit of 289639?
3
What is the tens digit of 1779105?
0
What is the units digit of 332786?
6
What is the ten thousands digit of 528634?
2
What is the hundreds digit of 303149?
1
What is the tens digit of 651328?
2
What is the tens digit of 843215?
1
What is the hundred thousands digit of 1094284?
0
What is the thousands digit of 137289?
7
What is the tens digit of 52685?
8
What is the ten thousands digit of 4823785?
2
What is the ten thousands digit of 7614477?
1
What is the units digit of 683002?
2
What is the tens digit of 20423103?
0
What is the tens digit of 697067?
6
What is the hundred thousands digit of 349866?
3
What is the thousands digit of 10010448?
0
What is the thousands digit of 2019237?
9
What is the units digit of 490152?
2
What is the thousands digit of 760551?
0
What is the tens digit of 1390076?
7
What is the thousands digit of 4730?
4
What is the thousands digit of 4058184?
8
What is the hundreds digit of 509579?
5
What is the units digit of 805306?
6
What is the tens digit of 235614?
1
What is the hundred thousands digit of 12811076?
8
What is the tens digit of 7714010?
1
What is the ten thousands digit of 363684?
6
What is the units digit of 1804?
4
What is the thousands digit of 363278?
3
What is the thousands digit of 104730?
4
What is the millions digit of 20181209?
0
What is the units digit of 1593913?
3
What is the hundreds digit of 37313495?
4
What is the units digit of 400525?
5
What is the thousands digit of 166110?
6
What is the thousands digit of 962895?
2
What is the ten thousands digit of 17629128?
2
What is the units digit of 1030314?
4
What is the thousands digit of 3185?
3
What is the units digit of 16737100?
0
What is the thousands digit of 6060630?
0
What is the tens digit of 776776?
7
What is the tens digit of 284984?
8
What is the thousands digit of 294355?
4
What is the hundreds digit of 689757?
7
What is the hundreds digit of 11798?
7
What is the millions digit of 5021083?
5
What is the thousands digit of 111617?
1
What is the millions digit of 6069926?
6
What is the units digit of 4345168?
8
What is the hundreds digit of 1406954?
9
What is the hundreds digit of 2267240?
2
What is the units digit of 451414?
4
What is the ten thousands digit of 1084439?
8
What is the ten thousands digit of 262622?
6
What is the hundreds digit of 8231726?
7
What is the ten millions digit of 10711090?
1
What is the thousands digit of 6262?
6
What is the hundred thousands digit of 17156676?
1
What is the hundred thousands digit of 363962?
3
What is the units digit of 113729?
9
What is the hundreds digit of 197297?
2
What is the hundreds digit of 598482?
4
What is the units digit of 326024?
4
What is the hundred thousands digit of 1650600?
6
What is the ten thousands digit of 571283?
7
What is the hundreds digit of 1510285?
2
What is the tens digit of 1462590?
9
What is the hundreds digit of 491563?
5
What is the tens digit of 441911?
1
What is the ten thousands digit of 1579506?
7
What is the thousands digit of 698717?
8
What is the hundred thousands digit of 6372513?
3
What is the millions digit of 3552372?
3
What is the units digit of 82691?
1
What is the units digit of 1753031?
1
What is the thousands digit of 1277070?
7
What is the ten thousands digit of 28504184?
0
What is the units digit of 1158548?
8
What is the hundred thousands digit of 307004?
3
What is the tens digit of 27441?
4
What is the thousands digit of 236244?
6
What is the ten thousands digit of 30809924?
0
What is the hundred thousands digit of 3199305?
1
What is the thousands digit of 460430?
0
What is the ten thousands digit of 684683?
8
What is the ten thousands digit of 40306?
4
What is the ten millions digit of 36516578?
3
What is the hundreds digit of 23216180?
1
What is the ten thousands digit of 146697?
4
What is the tens digit of 1309473?
7
What is the hundred thousands digit of 207464?
2
What is the millions digit of 1018074?
1
What is the units digit of 20029024?
4
What is the tens digit of 1461592?
9
What is the ten thousands digit of 131575?
3
What is the millions digit of 1766251?
1
What is the hundreds digit of 1366248?
2
What is the millions digit of 5134218?
5
What is the ten thousands digit of 157870?
5
What is the ten thousands digit of 1407051?
0
What is the hundred thousands digit of 369943?
3
What is the thousands digit of 1926134?
6
What is the hundred thousands digit of 407373?
4
What is the hundred thousands digit of 1213125?
2
What is the millions digit of 29297790?
9
What is the thousands digit of 199315?
9
What is the hundreds digit of 330490?
4
What is the hundreds digit of 7147232?
2
What is the hundred thousands digit of 9201376?
2
What is the hundred thousands digit of 16262803?
2
What is the hundreds 